{"id":10696,"date":"2022-02-25T12:27:53","date_gmt":"2022-02-25T11:27:53","guid":{"rendered":"https:\/\/razvoj.aluo.uni-lj.si\/aluo\/mission-and-vision\/"},"modified":"2024-02-05T16:45:19","modified_gmt":"2024-02-05T15:45:19","slug":"mission-and-vision","status":"publish","type":"page","link":"https:\/\/www.aluo.uni-lj.si\/en\/aluo\/mission-and-vision\/","title":{"rendered":"Mission and vision"},"content":{"rendered":"<p>[et_pb_section fb_built=&#8221;1&#8243; admin_label=&#8221;section&#8221; _builder_version=&#8221;4.16&#8243; global_colors_info=&#8221;{}&#8221;][et_pb_row column_structure=&#8221;1_2,1_2&#8243; _builder_version=&#8221;4.16&#8243; _module_preset=&#8221;default&#8221; global_colors_info=&#8221;{}&#8221;][et_pb_column type=&#8221;1_2&#8243; _builder_version=&#8221;4.16&#8243; _module_preset=&#8221;default&#8221; global_colors_info=&#8221;{}&#8221;][et_pb_image src=&#8221;https:\/\/www.aluo.uni-lj.si\/wp-content\/uploads\/2022\/01\/aluo-razstava-21-banner-splet-1-1024&#215;640-1.jpg&#8221; alt=&#8221;aluo-razstava-21-banner-splet-1-1024&#215;640&#8243; title_text=&#8221;aluo-razstava-21-banner-splet-1-1024&#215;640&#8243; _builder_version=&#8221;4.16&#8243; _module_preset=&#8221;default&#8221; width=&#8221;80.3%&#8221; global_colors_info=&#8221;{}&#8221;][\/et_pb_image][et_pb_text _builder_version=&#8221;4.16&#8243; _module_preset=&#8221;default&#8221; global_colors_info=&#8221;{}&#8221;]<\/p>\n<h6>Ema Kapelj, visual identity for the<strong> ALUO 2021 exhibition<\/strong>, Asst. Prof. Emil Kozole<\/h6>\n<p>&nbsp;<\/p>\n<p>&nbsp;<\/p>\n<p>&nbsp;<\/p>\n<p>[\/et_pb_text][et_pb_image src=&#8221;https:\/\/www.aluo.uni-lj.si\/wp-content\/uploads\/2022\/01\/FUTR-za-JUTR-team_Bulky_Bananas_large.jpg&#8221; alt=&#8221;FUTR za JUTR team_Bulky_Bananas_large&#8221; title_text=&#8221;FUTR za JUTR team_Bulky_Bananas_large&#8221; _builder_version=&#8221;4.16&#8243; _module_preset=&#8221;default&#8221; custom_margin=&#8221;|91px||0px|false|false&#8221; global_colors_info=&#8221;{}&#8221;][\/et_pb_image][et_pb_text _builder_version=&#8221;4.16&#8243; _module_preset=&#8221;default&#8221; global_colors_info=&#8221;{}&#8221;]<\/p>\n<h6>Bulky Bananas: Tja\u0161a Mu\u017eina, Maru\u0161a Dolinar, Pia Groleger, \u017dan Girandon, Luka Pleskovi\u010d, Simon Izidor Rozman, <strong>FUTR za JUTR<\/strong>, 2021, Assoc. Prof. Dr. Barbara Predan<\/h6>\n<p>&nbsp;<\/p>\n<p>&nbsp;<\/p>\n<p>&nbsp;<\/p>\n<p>[\/et_pb_text][et_pb_image src=&#8221;https:\/\/www.aluo.uni-lj.si\/wp-content\/uploads\/2022\/01\/Dialog-1.jpg&#8221; alt=&#8221;Dialog 1&#8243; title_text=&#8221;Dialog 1&#8243; _builder_version=&#8221;4.16&#8243; _module_preset=&#8221;default&#8221; width=&#8221;99.2%&#8221; global_colors_info=&#8221;{}&#8221;][\/et_pb_image][et_pb_text _builder_version=&#8221;4.16&#8243; _module_preset=&#8221;default&#8221; global_colors_info=&#8221;{}&#8221;]<\/p>\n<h6>Oskar Kandare, Lana Po\u017elep, Rok \u010cernezel, Tine Lisjak, Hana Podvr\u0161i\u010d, Lana Sokli\u010d, Kaja \u0160korjanc, Vita Tu\u0161ek, Betsabea Vernik, Ren\u00e9 Lazov\u00fd, <strong>Dialog<\/strong>, 2021, Asst. Prof. Emina Djuki\u0107, Asst. Prof. Peter Rauch<\/h6>\n<p>[\/et_pb_text][\/et_pb_column][et_pb_column type=&#8221;1_2&#8243; _builder_version=&#8221;4.16&#8243; _module_preset=&#8221;default&#8221; global_colors_info=&#8221;{}&#8221;][et_pb_text _builder_version=&#8221;4.24.0&#8243; _module_preset=&#8221;default&#8221; hover_enabled=&#8221;0&#8243; global_colors_info=&#8221;{}&#8221; sticky_enabled=&#8221;0&#8243;]<\/p>\n<h2><strong>Mission of the Academy of Fine Arts and Design<\/strong><\/h2>\n<p>&nbsp;<\/p>\n<p>UL ALUO educates critically thinking creatives, trained for independent creation, research and leadership in the fields of art, design and science.<\/p>\n<p>&nbsp;<\/p>\n<p>It is a leading national university educational institution in the fields of fine arts, restoration and design.<\/p>\n<p>&nbsp;<\/p>\n<p>As an educational, research and arts institution, it is committed to critically identifying and addressing societal challenges in order to create change and promote development.<\/p>\n<p>&nbsp;<\/p>\n<p>&nbsp;<\/p>\n<h2><\/h2>\n<h2><\/h2>\n<h2><strong>Vision of the Academy of Fine Arts and Design<\/strong><\/h2>\n<p>&nbsp;<\/p>\n<p>&nbsp;<\/p>\n<p><strong>Sustainability<\/strong><br \/>The Academy actively addresses climate and environmental emergencies. It is helping to shape the green transition towards a zero carbon footprint. Sustainable development is an integral part of all activities at the Academy and is integrated into all operational processes.<\/p>\n<p>&nbsp;<\/p>\n<p><strong>Delivering a high-quality, in-depth and modern curriculum<\/strong><br \/>The Academy delivers the highest quality study process in the region. It puts student success at the forefront and is based on a dialogue between the traditions of the school and the critical formation of modern approaches.<\/p>\n<p>&nbsp;<\/p>\n<p><strong>International involvement of the Academy and promotion of the programme and the fields<\/strong><br \/>The Academy has a positive reputation and a first choice position in the region. The Academy has a reputation and interest in its studies. Creative thinking has the status of a strategically important competence in the national context.<\/p>\n<p>&nbsp;<\/p>\n<p><strong>Development of diverse skills and platforms that enable graduates to establish themselves in society.<\/strong><br \/>The performance of the Academy&#8217;s students is visible thanks to tangible and socially visible competences. By introducing new forms of education, the Academy ensures the flow of knowledge between generations. It creates platforms for cooperation with the wider social and economic environment, responding to the challenges of the present and the future.<\/p>\n<p>&nbsp;<\/p>\n<p><strong>Excellence in teaching and research<\/strong><br \/>The quality criteria for teaching and research at the Academy are clear. Teachers and researchers have the best and most up-to-date knowledge. Teaching and research principles, processes for sharing experience and knowledge, and the role of educators in ensuring the relevance of studies are defined.<\/p>\n<p>&nbsp;<\/p>\n<p><strong>A modern, organised support environment<\/strong><br \/>Effective support for teaching and research processes is provided. The high standards of work and project implementation at the Academy are facilitated. An environment of solidarity and respect for agreements and diversity has positive synergistic effects.<\/p>\n<p>&nbsp;<\/p>\n<p><strong>Thoughtful and careful management of the Academy<\/strong><br \/>The organisational structure integrates all aspects of the Academy at all levels into a strategically managed and well-cooperating organisation based on inclusiveness and gender equality.<\/p>\n<p>&nbsp;<\/p>\n<p><strong>Equal roles within and outside UL<\/strong><br \/>The Academy has the status of a member, proactive and autonomous within UL, with programmes that are attractive to other members. It cooperates in an interdisciplinary and transdisciplinary way both internationally and with other UL members in teaching and research.<\/p>\n<p>&nbsp;<\/p>\n<p><strong>Modern spatial and information infrastructure<\/strong><br \/>The design of the new building is based on sustainable and participatory design and construction principles. The Academy is creating a modern, inclusive and dignified environment for teaching, research, creative work and the development of professional fields.<\/p>\n<p>[\/et_pb_text][\/et_pb_column][\/et_pb_row][\/et_pb_section]<\/p>\n","protected":false},"excerpt":{"rendered":"<p>Ema Kapelj, visual identity&#8230;<\/p>\n","protected":false},"author":17,"featured_media":0,"parent":7411,"menu_order":1,"comment_status":"closed","ping_status":"closed","template":"page-templates\/nagovor-dekana.php","meta":{"_acf_changed":false,"_editorskit_title_hidden":false,"_editorskit_reading_time":0,"_editorskit_is_block_options_detached":false,"_editorskit_block_options_position":"{}","_et_pb_use_builder":"on","_et_pb_old_content":"","_et_gb_content_width":"","inline_featured_image":false,"_price":"","_stock":"","_tribe_ticket_header":"","_tribe_default_ticket_provider":"","_tribe_ticket_capacity":"0","_ticket_start_date":"","_ticket_end_date":"","_tribe_ticket_show_description":"","_tribe_ticket_show_not_going":false,"_tribe_ticket_use_global_stock":"","_tribe_ticket_global_stock_level":"","_global_stock_mode":"","_global_stock_cap":"","_tribe_rsvp_for_event":"","_tribe_ticket_going_count":"","_tribe_ticket_not_going_count":"","_tribe_tickets_list":"[]","_tribe_ticket_has_attendee_info_fields":false,"footnotes":"","_tec_slr_enabled":"","_tec_slr_layout":""},"class_list":["post-10696","page","type-page","status-publish","hentry"],"acf":[],"ticketed":false,"_links":{"self":[{"href":"https:\/\/www.aluo.uni-lj.si\/en\/wp-json\/wp\/v2\/pages\/10696","targetHints":{"allow":["GET"]}}],"collection":[{"href":"https:\/\/www.aluo.uni-lj.si\/en\/wp-json\/wp\/v2\/pages"}],"about":[{"href":"https:\/\/www.aluo.uni-lj.si\/en\/wp-json\/wp\/v2\/types\/page"}],"author":[{"embeddable":true,"href":"https:\/\/www.aluo.uni-lj.si\/en\/wp-json\/wp\/v2\/users\/17"}],"replies":[{"embeddable":true,"href":"https:\/\/www.aluo.uni-lj.si\/en\/wp-json\/wp\/v2\/comments?post=10696"}],"version-history":[{"count":12,"href":"https:\/\/www.aluo.uni-lj.si\/en\/wp-json\/wp\/v2\/pages\/10696\/revisions"}],"predecessor-version":[{"id":19601,"href":"https:\/\/www.aluo.uni-lj.si\/en\/wp-json\/wp\/v2\/pages\/10696\/revisions\/19601"}],"up":[{"embeddable":true,"href":"https:\/\/www.aluo.uni-lj.si\/en\/wp-json\/wp\/v2\/pages\/7411"}],"wp:attachment":[{"href":"https:\/\/www.aluo.uni-lj.si\/en\/wp-json\/wp\/v2\/media?parent=10696"}],"curies":[{"name":"wp","href":"https:\/\/api.w.org\/{rel}","templated":true}]}}

<p>[et_pb_section fb_built=&#8221;1&#8243; admin_label=&#8221;section&#8221; _builder_version=&#8221;4.16&#8243; global_colors_info=&#8221;{}&#8221;][et_pb_row column_structure=&#8221;1_2,1_2&#8243; _builder_version=&#8221;4.16&#8243; _module_preset=&#8221;default&#8221; global_colors_info=&#8221;{}&#8221;][et_pb_column type=&#8221;1_2&#8243; _builder_version=&#8221;4.16&#8243; _module_preset=&#8221;default&#8221; global_colors_info=&#8221;{}&#8221;][et_pb_image src=&#8221;https://www.aluo.uni-lj.si/wp-content/uploads/2022/01/aluo-razstava-21-banner-splet-1-1024&#215;640-1.jpg&#8221; alt=&#8221;aluo-razstava-21-banner-splet-1-1024&#215;640&#8243; title_text=&#8221;aluo-razstava-21-banner-splet-1-1024&#215;640&#8243; _builder_version=&#8221;4.16&#8243; _module_preset=&#8221;default&#8221; width=&#8221;80.3%&#8221; global_colors_info=&#8221;{}&#8221;][/et_pb_image][et_pb_text _builder_version=&#8221;4.16&#8243; _module_preset=&#8221;default&#8221; global_colors_info=&#8221;{}&#8221;]</p>
<h6>Ema Kapelj, visual identity for the<strong> ALUO 2021 exhibition</strong>, Asst. Prof. Emil Kozole</h6>
<p>&nbsp;</p>
<p>&nbsp;</p>
<p>&nbsp;</p>
<p>[/et_pb_text][et_pb_image src=&#8221;https://www.aluo.uni-lj.si/wp-content/uploads/2022/01/FUTR-za-JUTR-team_Bulky_Bananas_large.jpg&#8221; alt=&#8221;FUTR za JUTR team_Bulky_Bananas_large&#8221; title_text=&#8221;FUTR za JUTR team_Bulky_Bananas_large&#8221; _builder_version=&#8221;4.16&#8243; _module_preset=&#8221;default&#8221; custom_margin=&#8221;|91px||0px|false|false&#8221; global_colors_info=&#8221;{}&#8221;][/et_pb_image][et_pb_text _builder_version=&#8221;4.16&#8243; _module_preset=&#8221;default&#8221; global_colors_info=&#8221;{}&#8221;]</p>
<h6>Bulky Bananas: Tjaša Mužina, Maruša Dolinar, Pia Groleger, Žan Girandon, Luka Pleskovič, Simon Izidor Rozman, <strong>FUTR za JUTR</strong>, 2021, Assoc. Prof. Dr. Barbara Predan</h6>
<p>&nbsp;</p>
<p>&nbsp;</p>
<p>&nbsp;</p>
<p>[/et_pb_text][et_pb_image src=&#8221;https://www.aluo.uni-lj.si/wp-content/uploads/2022/01/Dialog-1.jpg&#8221; alt=&#8221;Dialog 1&#8243; title_text=&#8221;Dialog 1&#8243; _builder_version=&#8221;4.16&#8243; _module_preset=&#8221;default&#8221; width=&#8221;99.2%&#8221; global_colors_info=&#8221;{}&#8221;][/et_pb_image][et_pb_text _builder_version=&#8221;4.16&#8243; _module_preset=&#8221;default&#8221; global_colors_info=&#8221;{}&#8221;]</p>
<h6>Oskar Kandare, Lana Požlep, Rok Černezel, Tine Lisjak, Hana Podvršič, Lana Soklič, Kaja Škorjanc, Vita Tušek, Betsabea Vernik, René Lazový, <strong>Dialog</strong>, 2021, Asst. Prof. Emina Djukić, Asst. Prof. Peter Rauch</h6>
<p>[/et_pb_text][/et_pb_column][et_pb_column type=&#8221;1_2&#8243; _builder_version=&#8221;4.16&#8243; _module_preset=&#8221;default&#8221; global_colors_info=&#8221;{}&#8221;][et_pb_text _builder_version=&#8221;4.24.0&#8243; _module_preset=&#8221;default&#8221; hover_enabled=&#8221;0&#8243; global_colors_info=&#8221;{}&#8221; sticky_enabled=&#8221;0&#8243;]</p>
<h2><strong>Mission of the Academy of Fine Arts and Design</strong></h2>
<p>&nbsp;</p>
<p>UL ALUO educates critically thinking creatives, trained for independent creation, research and leadership in the fields of art, design and science.</p>
<p>&nbsp;</p>
<p>It is a leading national university educational institution in the fields of fine arts, restoration and design.</p>
<p>&nbsp;</p>
<p>As an educational, research and arts institution, it is committed to critically identifying and addressing societal challenges in order to create change and promote development.</p>
<p>&nbsp;</p>
<p>&nbsp;</p>
<h2></h2>
<h2></h2>
<h2><strong>Vision of the Academy of Fine Arts and Design</strong></h2>
<p>&nbsp;</p>
<p>&nbsp;</p>
<p><strong>Sustainability</strong><br />The Academy actively addresses climate and environmental emergencies. It is helping to shape the green transition towards a zero carbon footprint. Sustainable development is an integral part of all activities at the Academy and is integrated into all operational processes.</p>
<p>&nbsp;</p>
<p><strong>Delivering a high-quality, in-depth and modern curriculum</strong><br />The Academy delivers the highest quality study process in the region. It puts student success at the forefront and is based on a dialogue between the traditions of the school and the critical formation of modern approaches.</p>
<p>&nbsp;</p>
<p><strong>International involvement of the Academy and promotion of the programme and the fields</strong><br />The Academy has a positive reputation and a first choice position in the region. The Academy has a reputation and interest in its studies. Creative thinking has the status of a strategically important competence in the national context.</p>
<p>&nbsp;</p>
<p><strong>Development of diverse skills and platforms that enable graduates to establish themselves in society.</strong><br />The performance of the Academy&#8217;s students is visible thanks to tangible and socially visible competences. By introducing new forms of education, the Academy ensures the flow of knowledge between generations. It creates platforms for cooperation with the wider social and economic environment, responding to the challenges of the present and the future.</p>
<p>&nbsp;</p>
<p><strong>Excellence in teaching and research</strong><br />The quality criteria for teaching and research at the Academy are clear. Teachers and researchers have the best and most up-to-date knowledge. Teaching and research principles, processes for sharing experience and knowledge, and the role of educators in ensuring the relevance of studies are defined.</p>
<p>&nbsp;</p>
<p><strong>A modern, organised support environment</strong><br />Effective support for teaching and research processes is provided. The high standards of work and project implementation at the Academy are facilitated. An environment of solidarity and respect for agreements and diversity has positive synergistic effects.</p>
<p>&nbsp;</p>
<p><strong>Thoughtful and careful management of the Academy</strong><br />The organisational structure integrates all aspects of the Academy at all levels into a strategically managed and well-cooperating organisation based on inclusiveness and gender equality.</p>
<p>&nbsp;</p>
<p><strong>Equal roles within and outside UL</strong><br />The Academy has the status of a member, proactive and autonomous within UL, with programmes that are attractive to other members. It cooperates in an interdisciplinary and transdisciplinary way both internationally and with other UL members in teaching and research.</p>
<p>&nbsp;</p>
<p><strong>Modern spatial and information infrastructure</strong><br />The design of the new building is based on sustainable and participatory design and construction principles. The Academy is creating a modern, inclusive and dignified environment for teaching, research, creative work and the development of professional fields.</p>
<p>[/et_pb_text][/et_pb_column][/et_pb_row][/et_pb_section]</p>
